{"id":1103,"date":"2013-11-13T00:56:47","date_gmt":"2013-11-13T00:56:47","guid":{"rendered":"https:\/\/duplakovacs.hu\/?page_id=1103"},"modified":"2022-08-08T10:52:11","modified_gmt":"2022-08-08T10:52:11","slug":"ehhez-ertunk","status":"publish","type":"page","link":"https:\/\/duplakovacs.hu\/?page_id=1103","title":{"rendered":"Ehhez \u00e9rt\u00fcnk"},"content":{"rendered":"<p style=\"text-align: justify;\"><a href=\"https:\/\/duplakovacs.hu\/wp-content\/uploads\/2013\/11\/Endre.jpg\"><img loading=\"lazy\" decoding=\"async\" class=\"size-full wp-image-1055 alignleft\" style=\"margin: 5px;\" src=\"https:\/\/duplakovacs.hu\/wp-content\/uploads\/2013\/11\/Endre.jpg\" alt=\"Endre\" width=\"105\" height=\"132\" \/><\/a><\/p>\n<p>V\u00e1llalkoz\u00e1sunk sokoldal\u00fa. Mondhatn\u00e1m minden, ami f\u00e9mb\u0151l van. D\u00edszm\u0171 kov\u00e1csol\u00e1s, f\u00e9mszerkezet gy\u00e1rt\u00e1s, alum\u00edniumszerkezet gy\u00e1rt\u00e1s, d\u00edszr\u00e1csok, kov\u00e1csolt tol\u00f3kapu k\u00e9sz\u00edt\u00e9se. Rozsdamentes szerkezetek gy\u00e1rt\u00e1sa, \u00f6ssze\u00e1ll\u00edt\u00e1sa, stb. Apuk\u00e1m anyagbeszerz\u00e9ssel, a munk\u00e1k koordin\u00e1l\u00e1s\u00e1val, k\u00f6zben kulcsm\u00e1sol\u00e1ssal: lak\u00e1skulcsok, p\u00e1nc\u00e9lszekr\u00e9ny z\u00e1r kulcsok, aut\u00f3kulcsok (microchipes ind\u00edt\u00f3kulcsok) \u00a0p\u00e1nc\u00e9lszekr\u00e9nyek kulcsainak m\u00e1sol\u00e1s\u00e1val is foglalkozik.<\/p>\n","protected":false},"excerpt":{"rendered":"<p>V\u00e1llalkoz\u00e1sunk sokoldal\u00fa. Mondhatn\u00e1m minden, ami f\u00e9mb\u0151l van. D\u00edszm\u0171 kov\u00e1csol\u00e1s, f\u00e9mszerkezet gy\u00e1rt\u00e1s, alum\u00edniumszerkezet gy\u00e1rt\u00e1s, d\u00edszr\u00e1csok, kov\u00e1csolt tol\u00f3kapu k\u00e9sz\u00edt\u00e9se. Rozsdamentes szerkezetek gy\u00e1rt\u00e1sa, \u00f6ssze\u00e1ll\u00edt\u00e1sa, stb. Apuk\u00e1m anyagbeszerz\u00e9ssel, a munk\u00e1k koordin\u00e1l\u00e1s\u00e1val, k\u00f6zben kulcsm\u00e1sol\u00e1ssal: lak\u00e1skulcsok, p\u00e1nc\u00e9lszekr\u00e9ny z\u00e1r kulcsok, aut\u00f3kulcsok (microchipes ind\u00edt\u00f3kulcsok) \u00a0p\u00e1nc\u00e9lszekr\u00e9nyek kulcsainak m\u00e1sol\u00e1s\u00e1val is foglalkozik.<\/p>\n","protected":false},"author":2,"featured_media":0,"parent":724,"menu_order":0,"comment_status":"open","ping_status":"closed","template":"","meta":{"footnotes":""},"class_list":["post-1103","page","type-page","status-publish","hentry"],"_links":{"self":[{"href":"https:\/\/duplakovacs.hu\/index.php?rest_route=\/wp\/v2\/pages\/1103","targetHints":{"allow":["GET"]}}],"collection":[{"href":"https:\/\/duplakovacs.hu\/index.php?rest_route=\/wp\/v2\/pages"}],"about":[{"href":"https:\/\/duplakovacs.hu\/index.php?rest_route=\/wp\/v2\/types\/page"}],"author":[{"embeddable":true,"href":"https:\/\/duplakovacs.hu\/index.php?rest_route=\/wp\/v2\/users\/2"}],"replies":[{"embeddable":true,"href":"https:\/\/duplakovacs.hu\/index.php?rest_route=%2Fwp%2Fv2%2Fcomments&post=1103"}],"version-history":[{"count":10,"href":"https:\/\/duplakovacs.hu\/index.php?rest_route=\/wp\/v2\/pages\/1103\/revisions"}],"predecessor-version":[{"id":1763,"href":"https:\/\/duplakovacs.hu\/index.php?rest_route=\/wp\/v2\/pages\/1103\/revisions\/1763"}],"up":[{"embeddable":true,"href":"https:\/\/duplakovacs.hu\/index.php?rest_route=\/wp\/v2\/pages\/724"}],"wp:attachment":[{"href":"https:\/\/duplakovacs.hu\/index.php?rest_route=%2Fwp%2Fv2%2Fmedia&parent=1103"}],"curies":[{"name":"wp","href":"https:\/\/api.w.org\/{rel}","templated":true}]}}